{"id":249,"date":"2026-01-21T11:09:22","date_gmt":"2026-01-21T11:09:22","guid":{"rendered":"https:\/\/coresteel.com.tr\/?page_id=249"},"modified":"2026-01-21T11:13:48","modified_gmt":"2026-01-21T11:13:48","slug":"is-sagligi-ve-guvenligi-politikamiz","status":"publish","type":"page","link":"https:\/\/coresteel.com.tr\/index.php\/is-sagligi-ve-guvenligi-politikamiz\/","title":{"rendered":"\u0130\u015e SA\u011eLI\u011eI VE G\u00dcVENL\u0130\u011e\u0130 POL\u0130T\u0130KAMIZ"},"content":{"rendered":"<p>[vc_row][vc_column width=&#8221;1\/2&#8243;][vc_single_image image=&#8221;251&#8243; img_size=&#8221;470X470&#8243; label=&#8221;&#8221;][\/vc_column][vc_column width=&#8221;1\/2&#8243;][vc_column_text]Coresteel M\u00fchendislik olarak, rutin ve rutin olmayan t\u00fcm faaliyetlerimizde olu\u015fabilecek tehlikeleri belirlemeyi, riskleri de\u011ferlendirmeyi ve gerekli \u00f6nlemleri alarak gerekli kaynaklar\u0131 sa\u011flamay\u0131 temel ilkemiz kabul ediyoruz. Ta\u015feronlar\u0131m\u0131z d\u00e2hil t\u00fcm \u00e7al\u0131\u015fanlar\u0131m\u0131z\u0131n i\u015f sa\u011fl\u0131\u011f\u0131 ve g\u00fcvenli\u011fi konusunda bilin\u00e7lenmesi i\u00e7in e\u011fitimler, tatbikatlar ve bilgilendirmeler d\u00fczenliyor; temel i\u015f g\u00fcvenli\u011fi e\u011fitimlerinin yan\u0131 s\u0131ra i\u015fe \u00f6zel makine ve ekipmanlar\u0131n g\u00fcvenli kullan\u0131m\u0131 ile ilgili e\u011fitimlerin de d\u00fczenli olarak verilmesini sa\u011fl\u0131yoruz. Y\u00fcr\u00fcrl\u00fckte bulunan i\u015f sa\u011fl\u0131\u011f\u0131 ve g\u00fcvenli\u011fi mevzuatlar\u0131na, idari d\u00fczenlemelere, yasal zorunluluklara ve imzalad\u0131\u011f\u0131m\u0131z t\u00fcm s\u00f6zle\u015fme ve \u015fartnamelere tam uyum g\u00f6stermeyi taahh\u00fct ediyor; merkez ofis ve \u015fantiyelerimizde y\u00fcr\u00fct\u00fclen t\u00fcm \u00e7al\u0131\u015fmalarda \u201c\u00f6nce insan sa\u011fl\u0131\u011f\u0131 ve i\u015f g\u00fcvenli\u011fi\u201d anlay\u0131\u015f\u0131n\u0131 esas al\u0131yoruz. \u0130\u015f sa\u011fl\u0131\u011f\u0131 ve g\u00fcvenli\u011fi risklerini en aza indirmek amac\u0131yla sorumluluklar\u0131 net bi\u00e7imde belirleyerek gerekli kaynaklar\u0131 ay\u0131r\u0131yor, yeni yat\u0131r\u0131mlarda bu riskleri g\u00f6z \u00f6n\u00fcnde bulunduruyor ve ki\u015fisel koruyucu ekipmanlar d\u00e2hil ilgili t\u00fcm kaynaklar\u0131 temin ederek \u00e7al\u0131\u015fanlar\u0131m\u0131z\u0131n bu kurallara uymas\u0131n\u0131 sa\u011fl\u0131yoruz. Merkez ofislerimizde ve \u015fantiyelerimizde d\u00fczenli olarak y\u00f6netim g\u00f6zden ge\u00e7irme toplant\u0131lar\u0131 yaparak s\u00fcrekli iyile\u015ftirme k\u00fclt\u00fcr\u00fcn\u00fc destekliyor, ISO 45001:2018 \u0130\u015f Sa\u011fl\u0131\u011f\u0131 ve G\u00fcvenli\u011fi Y\u00f6netim Sistemi\u2019nin t\u00fcm gerekliliklerini kar\u015f\u0131lay\u0131p s\u00fcrd\u00fcrerek sistemin geli\u015ftirilmesini ve \u00e7al\u0131\u015fanlara etkin bir \u015fekilde duyurulmas\u0131n\u0131 sa\u011fl\u0131yoruz.[\/vc_column_text][\/vc_column][\/vc_row]<\/p>\n","protected":false},"excerpt":{"rendered":"<p>[vc_row][vc_column width=&#8221;1\/2&#8243;][vc_single_image image=&#8221;251&#8243; img_size=&#8221;470X470&#8243; label=&#8221;&#8221;][\/vc_column][vc_column width=&#8221;1\/2&#8243;][vc_column_text]Coresteel M\u00fchendislik olarak, rutin ve rutin olmayan t\u00fcm faaliyetlerimizde olu\u015fabilecek tehlikeleri belirlemeyi, riskleri de\u011ferlendirmeyi ve gerekli \u00f6nlemleri alarak gerekli kaynaklar\u0131 sa\u011flamay\u0131 temel ilkemiz kabul ediyoruz. Ta\u015feronlar\u0131m\u0131z d\u00e2hil t\u00fcm \u00e7al\u0131\u015fanlar\u0131m\u0131z\u0131n i\u015f sa\u011fl\u0131\u011f\u0131 ve g\u00fcvenli\u011fi konusunda bilin\u00e7lenmesi i\u00e7in e\u011fitimler, tatbikatlar ve bilgilendirmeler d\u00fczenliyor; temel i\u015f g\u00fcvenli\u011fi e\u011fitimlerinin yan\u0131 s\u0131ra i\u015fe \u00f6zel makine [&hellip;]<\/p>\n","protected":false},"author":1,"featured_media":0,"parent":0,"menu_order":0,"comment_status":"closed","ping_status":"closed","template":"","meta":{"footnotes":""},"class_list":["post-249","page","type-page","status-publish","hentry"],"_links":{"self":[{"href":"https:\/\/coresteel.com.tr\/index.php\/wp-json\/wp\/v2\/pages\/249","targetHints":{"allow":["GET"]}}],"collection":[{"href":"https:\/\/coresteel.com.tr\/index.php\/wp-json\/wp\/v2\/pages"}],"about":[{"href":"https:\/\/coresteel.com.tr\/index.php\/wp-json\/wp\/v2\/types\/page"}],"author":[{"embeddable":true,"href":"https:\/\/coresteel.com.tr\/index.php\/wp-json\/wp\/v2\/users\/1"}],"replies":[{"embeddable":true,"href":"https:\/\/coresteel.com.tr\/index.php\/wp-json\/wp\/v2\/comments?post=249"}],"version-history":[{"count":3,"href":"https:\/\/coresteel.com.tr\/index.php\/wp-json\/wp\/v2\/pages\/249\/revisions"}],"predecessor-version":[{"id":254,"href":"https:\/\/coresteel.com.tr\/index.php\/wp-json\/wp\/v2\/pages\/249\/revisions\/254"}],"wp:attachment":[{"href":"https:\/\/coresteel.com.tr\/index.php\/wp-json\/wp\/v2\/media?parent=249"}],"curies":[{"name":"wp","href":"https:\/\/api.w.org\/{rel}","templated":true}]}}