{"id":256,"date":"2026-01-21T11:16:40","date_gmt":"2026-01-21T11:16:40","guid":{"rendered":"https:\/\/coresteel.com.tr\/?page_id=256"},"modified":"2026-01-21T11:18:06","modified_gmt":"2026-01-21T11:18:06","slug":"cevre-politikamiz","status":"publish","type":"page","link":"https:\/\/coresteel.com.tr\/index.php\/cevre-politikamiz\/","title":{"rendered":"\u00c7EVRE POL\u0130T\u0130KAMIZ"},"content":{"rendered":"<p>[vc_row][vc_column width=&#8221;1\/2&#8243;][vc_column_text]Coresteel M\u00fchendislik olarak, faaliyet g\u00f6sterdi\u011fimiz t\u00fcm alanlarda do\u011faya, \u00e7evreye ve gelecek nesillere kar\u015f\u0131 sorumluluklar\u0131m\u0131z\u0131n bilincindeyiz. \u00c7evre politikam\u0131z do\u011frultusunda:<\/p>\n<ul>\n<li>\u00c7evreye duyarl\u0131, s\u00fcrd\u00fcr\u00fclebilir m\u00fchendislik \u00e7\u00f6z\u00fcmleri \u00fcretmek,<\/li>\n<li>Enerji verimlili\u011fini art\u0131ran sistemler kullanmak ve te\u015fvik etmek,<\/li>\n<li>At\u0131klar\u0131 minimize etmek ve geri d\u00f6n\u00fc\u015f\u00fcm s\u00fcre\u00e7lerini desteklemek,<\/li>\n<li>\u00c7evre mevzuat\u0131na ve uluslararas\u0131 standartlara tam uyum sa\u011flamak,<\/li>\n<li>Proje sahalar\u0131nda do\u011fal kaynaklar\u0131 koruyan uygulamalar y\u00fcr\u00fctmek,<\/li>\n<li>\u00c7evresel riskleri \u00f6nceden analiz ederek etkiyi en aza indirmek,<\/li>\n<li>\u00c7evre bilincinin art\u0131r\u0131lmas\u0131 i\u00e7in \u00e7al\u0131\u015fanlar\u0131m\u0131za d\u00fczenli e\u011fitimler sa\u011flamak,<\/li>\n<li>S\u00fcrd\u00fcr\u00fclebilir gelecek i\u00e7in yenilenebilir enerji dostu \u00e7\u00f6z\u00fcmler geli\u015ftirmek,<\/li>\n<\/ul>\n<p>\u00f6nceliklerimiz aras\u0131ndad\u0131r.<\/p>\n<p>Coresteel M\u00fchendislik, \u00e7evresel duyarl\u0131l\u0131\u011f\u0131 t\u00fcm m\u00fchendislik faaliyetlerinin ayr\u0131lmaz bir par\u00e7as\u0131 olarak kabul eder.[\/vc_column_text][\/vc_column][vc_column width=&#8221;1\/2&#8243;][vc_single_image image=&#8221;258&#8243; img_size=&#8221;400X400&#8243; alignment=&#8221;center&#8221; label=&#8221;&#8221;][\/vc_column][\/vc_row]<\/p>\n","protected":false},"excerpt":{"rendered":"<p>[vc_row][vc_column width=&#8221;1\/2&#8243;][vc_column_text]Coresteel M\u00fchendislik olarak, faaliyet g\u00f6sterdi\u011fimiz t\u00fcm alanlarda do\u011faya, \u00e7evreye ve gelecek nesillere kar\u015f\u0131 sorumluluklar\u0131m\u0131z\u0131n bilincindeyiz. \u00c7evre politikam\u0131z do\u011frultusunda: \u00c7evreye duyarl\u0131, s\u00fcrd\u00fcr\u00fclebilir m\u00fchendislik \u00e7\u00f6z\u00fcmleri \u00fcretmek, Enerji verimlili\u011fini art\u0131ran sistemler kullanmak ve te\u015fvik etmek, At\u0131klar\u0131 minimize etmek ve geri d\u00f6n\u00fc\u015f\u00fcm s\u00fcre\u00e7lerini desteklemek, \u00c7evre mevzuat\u0131na ve uluslararas\u0131 standartlara tam uyum sa\u011flamak, Proje sahalar\u0131nda do\u011fal kaynaklar\u0131 koruyan uygulamalar [&hellip;]<\/p>\n","protected":false},"author":1,"featured_media":0,"parent":0,"menu_order":0,"comment_status":"closed","ping_status":"closed","template":"","meta":{"footnotes":""},"class_list":["post-256","page","type-page","status-publish","hentry"],"_links":{"self":[{"href":"https:\/\/coresteel.com.tr\/index.php\/wp-json\/wp\/v2\/pages\/256","targetHints":{"allow":["GET"]}}],"collection":[{"href":"https:\/\/coresteel.com.tr\/index.php\/wp-json\/wp\/v2\/pages"}],"about":[{"href":"https:\/\/coresteel.com.tr\/index.php\/wp-json\/wp\/v2\/types\/page"}],"author":[{"embeddable":true,"href":"https:\/\/coresteel.com.tr\/index.php\/wp-json\/wp\/v2\/users\/1"}],"replies":[{"embeddable":true,"href":"https:\/\/coresteel.com.tr\/index.php\/wp-json\/wp\/v2\/comments?post=256"}],"version-history":[{"count":2,"href":"https:\/\/coresteel.com.tr\/index.php\/wp-json\/wp\/v2\/pages\/256\/revisions"}],"predecessor-version":[{"id":259,"href":"https:\/\/coresteel.com.tr\/index.php\/wp-json\/wp\/v2\/pages\/256\/revisions\/259"}],"wp:attachment":[{"href":"https:\/\/coresteel.com.tr\/index.php\/wp-json\/wp\/v2\/media?parent=256"}],"curies":[{"name":"wp","href":"https:\/\/api.w.org\/{rel}","templated":true}]}}