{"id":319,"date":"2026-01-21T19:09:35","date_gmt":"2026-01-21T19:09:35","guid":{"rendered":"https:\/\/coresteel.com.tr\/?page_id=319"},"modified":"2026-01-23T12:38:20","modified_gmt":"2026-01-23T12:38:20","slug":"izolasyon-ve-kaplama","status":"publish","type":"page","link":"https:\/\/coresteel.com.tr\/index.php\/services\/izolasyon-ve-kaplama\/","title":{"rendered":"\u0130zolasyon ve Kaplama"},"content":{"rendered":"<p>[vc_row][vc_column width=&#8221;1\/2&#8243;][vc_column_text]Coresteel M\u00fchendislik, end\u00fcstriyel tesislerde enerji verimlili\u011fini art\u0131rmak, \u0131s\u0131 kay\u0131plar\u0131n\u0131 azaltmak, ekipman \u00f6mr\u00fcn\u00fc uzatmak ve g\u00fcvenli \u00e7al\u0131\u015fma ko\u015fullar\u0131 sa\u011flamak i\u00e7in profesyonel izolasyon ve kaplama \u00e7\u00f6z\u00fcmleri sunar. Proje gerekliliklerine, s\u0131cakl\u0131k de\u011ferlerine ve proses ihtiya\u00e7lar\u0131na g\u00f6re do\u011fru malzeme se\u00e7imi yaparak uzun \u00f6m\u00fcrl\u00fc ve y\u00fcksek performansl\u0131 uygulamalar ger\u00e7ekle\u015ftirir. \u0130zolasyon ve kaplama; enerji verimlili\u011fi, g\u00fcvenlik ve i\u015fletme maliyetlerinin d\u00fc\u015f\u00fcr\u00fclmesi a\u00e7\u0131s\u0131ndan kritik bir unsurdur. Coresteel M\u00fchendislik olarak amac\u0131m\u0131z, tesislerin enerji kay\u0131plar\u0131n\u0131 en aza indiren, dayan\u0131kl\u0131 ve s\u00fcrd\u00fcr\u00fclebilir izolasyon \u00e7\u00f6z\u00fcmleri sunmakt\u0131r.[\/vc_column_text][\/vc_column][vc_column width=&#8221;1\/2&#8243;][vc_single_image image=&#8221;321&#8243; img_size=&#8221;250&#215;250&#8243; alignment=&#8221;center&#8221;][\/vc_column][\/vc_row]<\/p>\n","protected":false},"excerpt":{"rendered":"<p>[vc_row][vc_column width=&#8221;1\/2&#8243;][vc_column_text]Coresteel M\u00fchendislik, end\u00fcstriyel tesislerde enerji verimlili\u011fini art\u0131rmak, \u0131s\u0131 kay\u0131plar\u0131n\u0131 azaltmak, ekipman \u00f6mr\u00fcn\u00fc uzatmak ve g\u00fcvenli \u00e7al\u0131\u015fma ko\u015fullar\u0131 sa\u011flamak i\u00e7in profesyonel izolasyon ve kaplama \u00e7\u00f6z\u00fcmleri sunar. Proje gerekliliklerine, s\u0131cakl\u0131k de\u011ferlerine ve proses ihtiya\u00e7lar\u0131na g\u00f6re do\u011fru malzeme se\u00e7imi yaparak uzun \u00f6m\u00fcrl\u00fc ve y\u00fcksek performansl\u0131 uygulamalar ger\u00e7ekle\u015ftirir. \u0130zolasyon ve kaplama; enerji verimlili\u011fi, g\u00fcvenlik ve i\u015fletme maliyetlerinin d\u00fc\u015f\u00fcr\u00fclmesi [&hellip;]<\/p>\n","protected":false},"author":1,"featured_media":0,"parent":36,"menu_order":0,"comment_status":"closed","ping_status":"closed","template":"","meta":{"footnotes":""},"class_list":["post-319","page","type-page","status-publish","hentry"],"_links":{"self":[{"href":"https:\/\/coresteel.com.tr\/index.php\/wp-json\/wp\/v2\/pages\/319","targetHints":{"allow":["GET"]}}],"collection":[{"href":"https:\/\/coresteel.com.tr\/index.php\/wp-json\/wp\/v2\/pages"}],"about":[{"href":"https:\/\/coresteel.com.tr\/index.php\/wp-json\/wp\/v2\/types\/page"}],"author":[{"embeddable":true,"href":"https:\/\/coresteel.com.tr\/index.php\/wp-json\/wp\/v2\/users\/1"}],"replies":[{"embeddable":true,"href":"https:\/\/coresteel.com.tr\/index.php\/wp-json\/wp\/v2\/comments?post=319"}],"version-history":[{"count":4,"href":"https:\/\/coresteel.com.tr\/index.php\/wp-json\/wp\/v2\/pages\/319\/revisions"}],"predecessor-version":[{"id":362,"href":"https:\/\/coresteel.com.tr\/index.php\/wp-json\/wp\/v2\/pages\/319\/revisions\/362"}],"up":[{"embeddable":true,"href":"https:\/\/coresteel.com.tr\/index.php\/wp-json\/wp\/v2\/pages\/36"}],"wp:attachment":[{"href":"https:\/\/coresteel.com.tr\/index.php\/wp-json\/wp\/v2\/media?parent=319"}],"curies":[{"name":"wp","href":"https:\/\/api.w.org\/{rel}","templated":true}]}}