{"id":41,"date":"2016-07-18T09:05:52","date_gmt":"2016-07-18T09:05:52","guid":{"rendered":"http:\/\/sw-themes.com\/porto_dummy\/?page_id=41"},"modified":"2026-01-23T12:27:04","modified_gmt":"2026-01-23T12:27:04","slug":"pre-construction","status":"publish","type":"page","link":"https:\/\/coresteel.com.tr\/index.php\/services\/pre-construction\/","title":{"rendered":"\u00c7elik Konstr\u00fcksiyon \u0130malat ve Montaj \u0130\u015fleri"},"content":{"rendered":"<p>[vc_row][vc_column width=&#8221;1\/2&#8243;][vc_column_text]Coresteel M\u00fchendislik, end\u00fcstriyel tesisler, fabrikalar, depolama alanlar\u0131 ve \u00f6zel projeler i\u00e7in dayan\u0131kl\u0131, g\u00fcvenilir ve y\u00fcksek m\u00fchendislik kalitesine sahip \u00e7elik konstr\u00fcksiyon yap\u0131lar \u00fcretir. Tasar\u0131mdan imalata, saha montaj\u0131ndan kalite kontrol s\u00fcre\u00e7lerine kadar t\u00fcm a\u015famalarda uluslararas\u0131 standartlarla uyumlu, g\u00fcvenli ve uzun \u00f6m\u00fcrl\u00fc \u00e7\u00f6z\u00fcmler sunar. \u00c7elik konstr\u00fcksiyon; y\u00fcksek dayan\u0131m\u0131, esnek tasar\u0131m kabiliyeti ve uzun hizmet \u00f6mr\u00fc sayesinde end\u00fcstriyel projelerde en g\u00fcvenilir \u00e7\u00f6z\u00fcmlerden biridir. Coresteel M\u00fchendislik olarak hedefimiz, hem g\u00fcvenlik hem de i\u015flevsellik a\u00e7\u0131s\u0131ndan beklentileri a\u015fan yap\u0131lar ortaya koymak ve m\u00fc\u015fterilerimize uzun y\u0131llar boyunca sorunsuz hizmet verecek sistemler sunmakt\u0131r.[\/vc_column_text][\/vc_column][vc_column width=&#8221;1\/2&#8243;][vc_single_image image=&#8221;280&#8243; img_size=&#8221;300X300&#8243; alignment=&#8221;center&#8221;][\/vc_column][\/vc_row]<\/p>\n","protected":false},"excerpt":{"rendered":"<p>[vc_row][vc_column width=&#8221;1\/2&#8243;][vc_column_text]Coresteel M\u00fchendislik, end\u00fcstriyel tesisler, fabrikalar, depolama alanlar\u0131 ve \u00f6zel projeler i\u00e7in dayan\u0131kl\u0131, g\u00fcvenilir ve y\u00fcksek m\u00fchendislik kalitesine sahip \u00e7elik konstr\u00fcksiyon yap\u0131lar \u00fcretir. Tasar\u0131mdan imalata, saha montaj\u0131ndan kalite kontrol s\u00fcre\u00e7lerine kadar t\u00fcm a\u015famalarda uluslararas\u0131 standartlarla uyumlu, g\u00fcvenli ve uzun \u00f6m\u00fcrl\u00fc \u00e7\u00f6z\u00fcmler sunar. \u00c7elik konstr\u00fcksiyon; y\u00fcksek dayan\u0131m\u0131, esnek tasar\u0131m kabiliyeti ve uzun hizmet \u00f6mr\u00fc sayesinde end\u00fcstriyel [&hellip;]<\/p>\n","protected":false},"author":1,"featured_media":0,"parent":36,"menu_order":0,"comment_status":"closed","ping_status":"closed","template":"","meta":{"footnotes":""},"class_list":["post-41","page","type-page","status-publish","hentry"],"_links":{"self":[{"href":"https:\/\/coresteel.com.tr\/index.php\/wp-json\/wp\/v2\/pages\/41","targetHints":{"allow":["GET"]}}],"collection":[{"href":"https:\/\/coresteel.com.tr\/index.php\/wp-json\/wp\/v2\/pages"}],"about":[{"href":"https:\/\/coresteel.com.tr\/index.php\/wp-json\/wp\/v2\/types\/page"}],"author":[{"embeddable":true,"href":"https:\/\/coresteel.com.tr\/index.php\/wp-json\/wp\/v2\/users\/1"}],"replies":[{"embeddable":true,"href":"https:\/\/coresteel.com.tr\/index.php\/wp-json\/wp\/v2\/comments?post=41"}],"version-history":[{"count":6,"href":"https:\/\/coresteel.com.tr\/index.php\/wp-json\/wp\/v2\/pages\/41\/revisions"}],"predecessor-version":[{"id":354,"href":"https:\/\/coresteel.com.tr\/index.php\/wp-json\/wp\/v2\/pages\/41\/revisions\/354"}],"up":[{"embeddable":true,"href":"https:\/\/coresteel.com.tr\/index.php\/wp-json\/wp\/v2\/pages\/36"}],"wp:attachment":[{"href":"https:\/\/coresteel.com.tr\/index.php\/wp-json\/wp\/v2\/media?parent=41"}],"curies":[{"name":"wp","href":"https:\/\/api.w.org\/{rel}","templated":true}]}}